 6, -5*k = -4*h - 18. Let d(v) = 11*v - 34*v + 17*v + k + 8*v. List the prime factors of d(5).
2, 3
Let s(m) = -m**3 + 6*m**2 + 4*m - 15. Let v be s(6). Let w be (2 + 465)*1 + -11 + v. Suppose -2*p = p - w. What are the prime factors of p?
5, 31
Let g(h) = -20*h + 58. Suppose 2*v = -419 + 401. What are the prime factors of g(v)?
2, 7, 17
Let b(x) = 36*x - 386. Let g be b(15). Let u = -1 - -9. Suppose r = -u + g. What are the prime factors of r?
2, 73
Let o(w) = 2*w**3 + 19*w**2 + 12*w + 29. Let c be o(-9). Suppose 3*t = 2*y - 1927, -3*y - c*t = 2*y - 4770. List the prime factors of y.
2, 239
Let p be (-26)/26 - (-3 + -1). Suppose -5*b - n = -0*b - 1395, p*b + 3*n = 837. List the prime factors of b.
3, 31
Suppose -10*g + 5*g + 65 = 0. Suppose 1 = -7*p - g. List the prime factors of (-260)/(-7) - (45/21 + p).
37
Suppose 5*n - 854 = 2811. Let o = -413 + n. List the prime factors of o.
2, 5
What are the prime factors of ((-9117)/2)/(406/(-812))?
3, 1013
What are the prime factors of 13377/7 - (26 + -23)?
2, 3, 53
Let k(f) = 270*f**2 + 2*f - 7. Let g be k(2). Let v = 1510 - g. List the prime factors of v.
433
Let g(o) be the third derivative of -o**6/120 - o**5/30 - 3*o**4/8 - o**3/6 - 102*o**2 - 2. List the prime factors of g(-6).
197
Let s(h) = 20*h + 22. Let k be s(0). Suppose 0 = -k*c - 24*c + 20838. List the prime factors of c.
3, 151
Suppose -3*u = -2*u, 0 = -2*t - 4*u + 218. Let l = t - 93. List the prime factors of (3/((-6)/l))/((-7)/182).
2, 13
Suppose -4*z + 64 + 68 = 0. List the prime factors of 8/(-44) - (-34920)/z.
2, 23
Let z(w) = 2*w + 13. Let n be (-54)/8 - (-3)/4. Let r be z(n). List the prime factors of -1 + 0/r + -2 + 29.
2, 13
Suppose 0 = 27*j - 27466 - 2477. Let i = -293 + j. List the prime factors of i.
2, 3, 17
Let k(o) = 13*o**2 - o. Let p be k(1). Let t(x) = 0*x + 2131 - 2130 + x. What are the prime factors of t(p)?
13
Suppose 2*n + 11 = 2*f + 5*n, -3*n = -f + 1. Suppose -g + 17 = 22, 2*g = -f*v + 198. What are the prime factors of v?
2, 13
Suppose -67*t - 10*t - 22*t + 272943 = 0. What are the prime factors of t?
3, 919
Let z be 1260/(-490)*14/3. List the prime factors of (z/8 + 2)*(834 + -2).
2, 13
Let i = 20 + 367. Suppose 4*q - 57 = i. Let u = -40 + q. List the prime factors of u.
71
List the prime factors of (120/(-9))/(45/(-30) + (-34061)/(-22710)).
2, 5, 757
List the prime factors of -17*(-90)/1020*39188/3*1.
2, 97, 101
Let k(d) = 374*d - 25. Let p(a) = 375*a - 26. Let j(x) = 7*k(x) - 6*p(x). Let o be j(-4). List the prime factors of (11/(-3) - -4) + o/(-9).
2, 83
Let t(y) = -96*y + 8800. What are the prime factors of t(0)?
2, 5, 11
Let k = 27064 - 27060. Suppose 5*l - 3*x = 3603, 5*l - 4*x + 489 = 4088. Suppose 5*z - 122 = -3*n + l, 2*z = -k*n + 338. List the prime factors of z.
13
Let l = 49 + -39. Suppose l*o = 4*o. Suppose o = h - 5*h + 160. List the prime factors of h.
2, 5
Suppose -3*i = 2*i. Let j(n) be the second derivative of 5*n**3/6 + 105*n**2 + 26*n + 5. What are the prime factors of j(i)?
2, 3, 5, 7
Suppose 0 = 15*l - 6*l - 45. What are the prime factors of -1 + 3/l - 87117/(-355)?
5, 7
Let w(a) be the second derivative of 7*a**5/24 - 5*a**4/24 + 16*a**3/3 + 24*a. Let o(k) be the second derivative of w(k). What are the prime factors of o(3)?
2, 5
Let d be 1297 + ((-144)/3)/(-8). Suppose 3*q + 31 = d. What are the prime factors of q?
2, 53
Let v be (13 + -1)*(-55)/(-3). Suppose -5*w = 5*f - 660, -4*f - 446 = -3*w - 78. Let a = v - w. What are the prime factors of a?
2, 23
Suppose -3*w + 25*w - 9*w = 481078. List the prime factors of w.
2, 18503
Let z(m) = -3*m + 80. Let h be z(24). Suppose -h*y = 306 - 13266. Suppose 5*l - y = -590. What are the prime factors of l?
2, 103
Let a(w) = 2*w**2 + 21*w - 36. Let c(q) = -2*q. Let r(i) = a(i) + 4*c(i). What are the prime factors of r(-13)?
7, 19
Let r(x) = 2*x**2 + 11*x - 1. Let a be r(10). Suppose 2*l = -5*v + 747, 4*v = 5*l + 282 + a. Let c = -79 + v. What are the prime factors of c?
2, 5, 7
Let r = -7412 + 20952. What are the prime factors of r?
2, 5, 677
Let s be -6 - (-3 - 1) - 4. Let y = 15 - -67. List the prime factors of y + 6/4*(-8)/s.
2, 3, 7
Let g(s) = 63*s**3 + s**2 + s - 2. Let n = 91 - 86. Suppose -n*p = -16*p + 11. List the prime factors of g(p).
3, 7
Suppose -57343 = -3*u + 198*l - 194*l, u + 4*l - 19141 = 0. What are the prime factors of u?
19121
Suppose -5*i + 15343 = x + 6196, i + 27441 = 3*x. List the prime factors of x.
3, 3049
Suppose 27*x - 30*x + 18 = 0. List the prime factors of -3 - (-938 - (8 - x)).
937
Suppose 15*b = -23*b + 912. What are the prime factors of b/(5*8/1060)?
2, 3, 53
Let a be (-3 - 2)*-1*(-46)/5. Let q = -46 - a. Suppose 7*s + 2*s - 288 = q. List the prime factors of s.
2
Let s = -638 + -133. Let b = 1979 + s. List the prime factors of b.
2, 151
Let o = 102733 - 36116. What are the prime factors of o?
66617
Let u = 299 + -293. Suppose -4*x + 2004 = 3*f, -f + 9*x - u*x = -655. List the prime factors of f.
2, 83
What are the prime factors of -13395*((207/(-18))/23 - 3/18)?
2, 5, 19, 47
Let a(k) be the second derivative of -5*k**3 + 5*k**2 + 3*k. Let p be 3/(-4)*(10 - 6). List the prime factors of a(p).
2, 5
Let b = -17 - -11. Let o(m) = 4 + 23*m - 6*m**2 + 2*m - 4*m + 10*m**2 - 6*m. List the prime factors of o(b).
2, 29
Let g be (-5 - (-174)/30)/(4/10). Let j be (-2 - -48)*(2 + (2 - g)). Let v = j - -27. What are the prime factors of v?
7, 17
Suppose 4796 = 11*c - 7*c + 3*u, -2*c + 5*u + 2424 = 0. What are the prime factors of c?
2, 601
Suppose -27*o + 12*o = -68992 - 298883. List the prime factors of o.
3, 5, 109
Let q = -33 + 45. Let s = q - 10. Suppose s*g - 279 = -g. What are the prime factors of g?
3, 31
Let i(m) = m**3 + 21*m**2 + 40*m + 62. Let w be i(-21). Let x = w + 944. List the prime factors of x.
2, 83
Suppose 151 = 2*j + y, -3*j + 2*j = -5*y - 92. Let l = 86 - j. What are the prime factors of (-7032)/(-42) - l/21?
167
Suppose -5*t + t + 40 = 5*s, -2*s - 2*t + 18 = 0. Let q(w) = 3*w**3 + w**2 + 4*w - 19. List the prime factors of q(s).
5, 41
Let z = 1569 + -758. Suppose -592 = 3*j - 3*k - 118, -5*j = 2*k + z. List the prime factors of j/21*(1 - 4).
23
Let m(o) = 41*o**2 + o + 1. Let r(j) = -j**2 - 5*j - 2. Let l be r(-5). Let s(d) = -d**3 - 4*d**2 - 5*d - 3. Let w be s(l). List the prime factors of m(w).
41
Suppose 2*d - 10798 + 1825 = 29413. List the prime factors of d.
17, 1129
Let c(r) = r**3 - 9*r**2 + 15*r - 5. Let w be c(7). Suppose 3 = -5*t + 4*t. List the prime factors of ((-118)/6)/(t/(18/w)).
59
Suppose -198*v + 14508716 = 211*v + 3134426. What are the prime factors of v?
2, 3, 5, 103
Let f = -18691 + 18718. Let n(p) = -p - 6. Let u be n(-5). What are the prime factors of 4 + f - (-5)/u?
2, 13
Suppose 103*s - 24*s - 477940 = -13*s. What are the prime factors of s?
5, 1039
Suppose n + 15822 - 176965 = -2*r, -3*n = 3. List the prime factors of r.
2, 20143
Let p(l) = -2*l - 4. Let y be p(4). Let j = 9 + y. What are the prime factors of j/(-3) + (39 - 0)?
2, 5
Suppose 139*m - 80*m = 86*m - 207630. What are the prime factors of m?
2, 5, 769
Let n = 16 - 9. Suppose i + 5 = n. What are the prime factors of (i + -3)/((-2)/356)?
2, 89
Let t = 48 - 92. Let v = t - -48. What are the prime factors of 15 - (0 - -1)*v?
11
Let h(d) = -5*d**3 - 8*d**2 - 2*d - 4. Let m be h(-4). Let q = 348 - m. Suppose 4*r - q = -8*p + 4*p, 0 = p. List the prime factors of r.
2, 19
Let c = -3410 + 4912. Suppose c = 5*n + 4*q - 27, -4*n + 5*q = -1215. What are the prime factors of n?
5, 61
Let y(c) = -c**3 - 20*c**2 - 20*c + 28. Suppose 0 = 5*z + 57 + 48. Let i = z + 2. What are the prime factors of y(i)?
47
Let n = -246 - -249. Suppose 4*q - n*u - 662 = -0*u, -3*q = 3*u - 486. List the prime factors of q.
2, 41
Suppose 0 = 6*y + 100 - 292. What are the prime factors of 60/y + -2 + 8451/24?
2, 11
Suppose 20*b = 16*b + 844. Let n = b + -71. What are the prime factors of n?
2, 5, 7
Let l = -741 + 1112. Let j = l - -456. List the prime factors of j.
827
Suppose -7 = 4*d + 29. Let a be 322/(-6) - (5 - (-42)/d). Let w = a - -77. What are the prime factors of w?
23
Let j be (2/4)/((-26)/(-9048)). Suppose -h + 66 = 3*r - 43, 2*h - 5*r = j. What are the prime factors of h?
97
Let r = -529 + 893. Let f = r + 92. What are the prime factor